= -4*o**2 + 4917*o + 297294. What is t(1287)?
-3
Let t(m) = 2*m**3 + 8*m**2 - 8*m + 91. Calculate t(5).
501
Let n(f) = 15119*f - 60478. Calculate n(4).
-2
Let a(l) = -4484*l - 3138757. Calculate a(-700).
43
Let o(r) = 117*r + 6069. Calculate o(-59).
-834
Let j(k) = -8*k**2 - 593*k + 82. Determine j(-73).
739
Let a(j) = -23*j**2 - 681*j - 452. Give a(-29).
-46
Let l(b) = b**2 + 4745*b + 308808. What is l(-66)?
-6
Let g(u) = 4334*u - 30642. What is g(7)?
-304
Let i(d) = 65*d + 1275. Determine i(-14).
365
Let n(j) = 370*j + 48738. What is n(-134)?
-842
Let a(h) = 3621*h - 332976. Give a(92).
156
Let u(q) = q**2 - 224*q - 9869. What is u(261)?
-212
Let m(r) = -333*r**2 + 1688*r - 111. What is m(5)?
4
Let l(w) = -28*w**3 + 1238*w**2 - 2466*w + 2. Calculate l(2).
-202
Let l(q) = 2*q**3 + 483*q**2 + 260*q + 4807. What is l(-241)?
228
Let g(j) = 83*j**2 - 374*j + 97. Give g(5).
302
Let i(w) = -348*w - 55684. Determine i(-160).
-4
Let r(h) = h**3 - 687*h**2 + 16544*h + 4079. Calculate r(662).
107
Let c(r) = 4913*r**2 - 19657*r + 22. Give c(4).
2
Let n(u) = -u**2 - 110*u - 2695. What is n(-45)?
230
Let m(u) = -7972*u + 55841. Determine m(7).
37
Let p(c) = -340*c**2 + 3738*c - 11. Calculate p(11).
-33
Let v(s) = 246*s + 22556. Determine v(-92).
-76
Let q(t) = -t**2 + 2230*t + 20145. Give q(-9).
-6
Let g(i) = 7472*i + 29870. Give g(-4).
-18
Let p(m) = -2*m**3 - 260*m**2 - 317*m - 7553. What is p(-129)?
58
Let s(o) = -1294*o + 6549. What is s(8)?
-3803
Let z(k) = k**3 - 19*k**2 - 245*k + 63. Give z(-8).
295
Let h(s) = -2*s**3 + 73*s**2 + 266*s - 140. Determine h(40).
-700
Let q(c) = -7*c**2 + 16*c + 153. Determine q(-11).
-870
Let g(s) = 2*s**2 - 1080*s - 4317. What is g(-4)?
35
Let h(u) = u**2 + 273*u - 95948. What is h(202)?
2
Let w(y) = 2653*y + 9578. What is w(-3)?
1619
Let q(k) = -742*k**2 + 55652*k - 149. Calculate q(75).
1
Let k(u) = 2*u**3 + 29*u**2 + 10331*u + 133791. Determine k(-13).
-5
Let l(w) = -3*w**3 + 21*w**2 + 90*w - 646. Give l(6).
2
Let r(y) = -y**3 + 11*y**2 + 205*y - 1561. Determine r(7).
70
Let w(o) = o**3 + 46*o**2 + 101*o - 92. Determine w(-43).
1112
Let a(w) = 1475*w**2 - 4156*w + 2410. What is a(2)?
-2
Let w(p) = 792*p - 18650. Determine w(24).
358
Let j(s) = 2*s**3 + 91*s**2 + 2251*s + 99274. Determine j(-45).
4
Let a(u) = 2*u**3 - 751*u**2 + 4795*u + 687. Calculate a(369).
-51
Let m(v) = -v**3 - 54*v**2 + 1982*v + 536. Give m(-79).
-17
Let r(w) = 13*w**2 + 173*w + 1590. Give r(-9).
1086
Let i(j) = -j**2 + 1262*j + 3. Determine i(0).
3
Let s(n) = 2226988*n + 13361923. What is s(-6)?
-5
Let y(f) = 192*f**2 - 151*f - 33. Calculate y(1).
8
Let z(l) = 594*l + 368. Determine z(1).
962
Let a(b) = -3*b**2 + 242*b + 4307. Give a(-19).
-1374
Let x(c) = -33*c**2 + 2523*c - 480. Calculate x(76).
660
Let p(n) = n**3 + 65*n**2 - 507*n + 29. Determine p(7).
8
Let b(z) = -74*z**3 - 616*z**2 - 44*z + 1202. Determine b(-8).
18
Let i(o) = -234*o - 40920. Determine i(-172).
-672
Let m(y) = -2*y**2 - 895*y - 31855. Give m(-409).
-362
Let v(b) = b**3 - 43*b**2 + 352*b + 959. Determine v(15).
-61
Let j(f) = -189*f**2 - 9264*f - 149. Calculate j(-49).
-2
Let m(t) = t**3 + 135*t**2 - 920*t - 10432. Calculate m(-141).
2
Let j(w) = -254*w - 50865. Calculate j(-200).
-65
Let b(v) = -v**2 - 11101*v + 345102. Calculate b(31).
10
Let p(g) = 3*g**3 - 902*g**2 - 5516*g + 13. Calculate p(-6).
-11
Let f(v) = 35*v**2 - 15103*v - 7400. Determine f(432).
-56
Let p(o) = -2*o**3 + 751*o**2 - 391*o + 5996. Determine p(375).
-4
Let j(d) = -1138*d**2 - 209402*d - 1833. What is j(-184)?
7
Let b(v) = 1302*v - 5483. Determine b(4).
-275
Let p(c) = -16*c**3 - 11*c**2 - 1705*c - 3406. Give p(-2).
88
Let u(n) = n**3 + 57*n**2 + 225*n + 686. Give u(-53).
-3
Let a(p) = p**2 - 80*p + 1055. Determine a(37).
-536
Let v(g) = -65*g**2 - 492*g + 1446. What is v(3)?
-615
Let b(y) = y**2 + 610*y + 87133. What is b(-228)?
37
Let f(t) = -58*t**2 - 272*t + 2300. Give f(-9).
50
Let p(l) = -34*l**2 - 2882*l - 2194. Calculate p(-84).
-10
Let y(u) = -1229*u + 383490. Calculate y(312).
42
Let w(h) = h**2 - 1857*h + 61890. What is w(34)?
-92
Let w(r) = r**3 + 64*r**2 - 130*r - 392. Determine w(-66).
-524
Let f(i) = -3*i**2 + 299*i - 2052. Calculate f(96).
-996
Let v(k) = -k**3 + 22*k**2 - 151*k + 54. Determine v(15).
-636
Let r(z) = -5*z**2 - 912*z - 9134. Determine r(-11).
293
Let o(t) = -9*t**3 + 15*t**2 - 34*t - 25. Determine o(3).
-235
Let u(l) = 11*l**2 + 106*l + 46. Give u(-9).
-17
Let m(z) = z**2 - 80*z + 2770. What is m(66)?
1846
Let p(s) = -2*s**3 - 11*s**2 + 8895*s + 44497. Give p(-5).
-3
Let h(c) = 35566*c + 177816. Give h(-5).
-14
Let w(l) = -1414*l - 69510. Calculate w(-49).
-224
Let t(l) = -8*l**3 + 178*l**2 + 117*l + 456. Calculate t(23).
-27
Let h(n) = 141350*n - 848100. What is h(6)?
0
Let i(s) = 32*s**2 - 3135*s + 183. Give i(98).
281
Let c(d) = 293*d + 4787. What is c(-14)?
685
Let w(x) = 3867*x - 835373. What is w(216)?
-101
Let r(z) = -5*z**2 - 350*z - 5028. What is r(-20)?
-28
Let g(h) = -3*h**2 - 398*h + 4768. Calculate g(11).
27
Let u(c) = 3359994*c - 13439970. Determine u(4).
6
Let s(r) = -r**3 + 33*r**2 + 33*r - 1966. Calculate s(8).
-102
Let c(g) = -5*g**3 - 122*g**2 + 46*g + 131. What is c(-25)?
856
Let f(i) = -10*i**3 - 74*i**2 + 1376*i + 9830. Give f(-7).
2
Let o(z) = -2111*z + 33882. Determine o(16).
106
Let m(o) = o**2 - 740*o - 49716. Calculate m(-62).
8
Let z(j) = -29*j + 1239. Give z(58).
-443
Let u(v) = -11*v**2 - 29*v + 303. Determine u(-7).
-33
Let y(z) = 538*z - 21372. Give y(40).
148
Let s(j) = j**2 + 989*j + 54872. Give s(-59).
2
Let r(p) = p**2 + 444240*p + 3109632. What is r(-7)?
1
Let x(z) = -z**3 - 4*z**2 - 64*z - 346. Give x(-8).
422
Let j(n) = -n**3 + 17*n**2 - 44*n - 102. Determine j(7).
80
Let w(b) = 2*b**2 + 190*b - 2354. What is w(11)?
-22
Let d(v) = -v**3 + 16*v**2 + 327*v - 91. Give d(-12).
17
Let u(q) = q**3 - 1209*q**2 + 21446*q - 149. What is u(18)?
-5
Let d(s) = 106*s**2 + 601*s + 68. Give d(-6).
278
Let u(d) = 4*d**2 - 173*d + 1771. What is u(28)?
63
Let g(d) = -27155*d + 5919786. Calculate g(218).
-4
Let w(k) = -4*k**2 - 80*k + 803. Calculate w(-26).
179
Let y(c) = c**3 - 33*c**2 + 442*c + 1038. Calculate y(-2).
14
Let q(h) = 527*h - 7872. Give q(18).
1614
Let f(c) = -411*c + 66832. Determine f(163).
-161
Let r(k) = 32*k**3 + 97*k**2 + 34*k + 119. What is r(-3)?
26
Let o(c) = -56*c + 4161. Determine o(79).
-263
Let d(g) = -12399*g - 1735862. Give d(-140).
-2
Let f(a) = 115*a**2 + 1493*a - 40. Calculate f(-13).
-14
Let v(w) = 32*w**3 - 23*w**2 - 58*w - 34. Determine v(-1).
-31
Let x(y) = 432*y + 83409. Calculate x(-193).
33
Let w(s) = -3*s**3 + 358*s**2 - 601*s + 100936. Determine w(120).
16
Let n(z) = z**3 + 571*z**2 + 12611*z + 4918. What is n(-548)?
1082
Let f(x) = 16244*x + 259888. Calculate f(-16).
-16
Let t(a) = 1130*a + 10048. Determine t(-8).
1008
Let x(m) = 3812*m - 42069. Give x(11).
-137
Let c(x) = 18105*x + 41894971. Determine c(-2314).
1
Let v(q) = q**3 + 2*q**2 - 161*q + 255. Determine v(-13).
489
Let b(q) = 3*q**2 + 658*q + 22865. Give b(-44).
-279
Let i(z) = -2*z**3 - 16*z**2 + 12*z - 111. Give i(-9).
-57
Let w(g) = 3159*g + 18694. Determine w(-6).
-260
Let c(s) = s**3 - 25*s**2 + 149*s - 284. What is c(21)?
1081
Let k(x) = 3*x**3 + 34*x**2 - 353*x - 13. Give k(10).
2857
Let b(f) = 504526*f - 7063379. Give b(14).
-15
Let a(t) = 96*t + 7871. Determine a(-92).
-961
Let n(a) = 1939*a + 58170. Calculate n(-30).
0
Let a(j) = j**3 + 59*j**2 + 641*j + 478. What is a(-45)?
-17
Let h(i) = 242*i - 3481. Calculate h(25).
2569
Let h(j) = 43188*j + 215950. Determine h(-5).
10
Let n(a) = 10*a**2 - 459*a + 3716. Give n(7).
993
Let s(m) = 2*m**2 + 18*m + 113. What is s(-9)?
113
Let d(n) = 1148*n + 53614. Give d(-47).
-342
Let m(l) = -2*l**2 + 6080*l + 97763. Determine m(-16).
-29
Let k(w) = -2*w**3 + 74*w**2 - 2156*w + 26501. Calculate k(18).
5
Let a(i) = 1777*i - 1267007. Determine a(713).
-6
Let c(i) = -i**3 - 121*i**2 - 2610*i + 5238. Determine c(-92).
-98
Let z(y) = 15601*y + 31025. Determine z(-2).
-177
Let i(h) = -171*h + 12562. Calculate i(74).
-92
Let v(l) = -97*l - 2076. Give v(-18).
-330
Let g(y) = 1431*y**2 + 156034*y + 6009. Determine g(-109).
14
Let o(y) = 3*y**2 - 161*y - 2234. What is o(64)?
-250
Let y(r) = -145772*r 